{"id":1748,"date":"2016-11-24T13:45:52","date_gmt":"2016-11-24T13:45:52","guid":{"rendered":"http:\/\/www.segurosgoiena.com\/seguro-baja-laboral-y-enfermedad\/"},"modified":"2017-01-24T08:55:16","modified_gmt":"2017-01-24T08:55:16","slug":"laneko-baja-eta-gaixotasun-asegurua","status":"publish","type":"page","link":"http:\/\/www.segurosgoiena.com\/eu\/enpresak\/goiena-aseguruak\/autonomoak\/laneko-baja-eta-gaixotasun-asegurua\/","title":{"rendered":"LANEKO BAJA ETA GAIXOTASUN ASEGURUA"},"content":{"rendered":"<p>Gaixotasun nahiz istripu baten ondoriozko aldi baterako ezintasunagatiko Laneko Baja Aseguruari, normalean, laneko baja asegurua esaten zaio. \u00a0Aseguruaren xedea da norberaren konturako jarduera bat egiten duten profesionalen diru sarrerak berrezartzea (autonomoak, profesional liberalak, freelanceak), gaixotasun baten edo istripu baten ondorioz osasun egoeran alterazioren bat izan dutela-eta ezin dutenean, aldi batez edo betiko, jarduera horretan jarraitu eta ospitaleraturik edo etxean atseden hartzen egotera beharturik daudenean.<\/p>\n","protected":false},"excerpt":{"rendered":"<p>Gaixotasun nahiz istripu baten ondoriozko aldi baterako ezintasunagatiko Laneko Baja Aseguruari, normalean, laneko baja asegurua esaten zaio. \u00a0Aseguruaren xedea da norberaren konturako jarduera bat egiten duten profesionalen diru sarrerak berrezartzea (autonomoak, profesional liberalak, freelanceak), gaixotasun baten edo istripu baten ondorioz osasun egoeran alterazioren bat izan dutela-eta ezin dutenean, aldi batez edo betiko, jarduera horretan jarraitu [&hellip;]<\/p>\n","protected":false},"author":1,"featured_media":1412,"parent":2227,"menu_order":50,"comment_status":"closed","ping_status":"closed","template":"page-templates\/template-producto.php","meta":{"_acf_changed":false,"footnotes":""},"class_list":["post-1748","page","type-page","status-publish","has-post-thumbnail","hentry"],"acf":[],"yoast_head":"<!-- This site is optimized with the Yoast SEO plugin v22.5 - https:\/\/yoast.com\/wordpress\/plugins\/seo\/ -->\n<title>Goiena Seguros | Aut\u00f3nomos- Baja Laboral<\/title>\n<meta name=\"description\" content=\"El objeto de este seguro de Baja Laboral es restablecer los ingresos econ\u00f3micos del aut\u00f3nomo tras padecer una alteraci\u00f3n en su estado de salud.\" \/>\n<meta name=\"robots\" content=\"index, follow, max-snippet:-1, max-image-preview:large, max-video-preview:-1\" \/>\n<link rel=\"canonical\" href=\"http:\/\/www.segurosgoiena.com\/eu\/enpresak\/goiena-aseguruak\/autonomoak\/laneko-baja-eta-gaixotasun-asegurua\/\" \/>\n<meta property=\"og:locale\" content=\"en_US\" \/>\n<meta property=\"og:type\" content=\"article\" \/>\n<meta property=\"og:title\" content=\"Goiena Seguros | Aut\u00f3nomos- Baja Laboral\" \/>\n<meta property=\"og:description\" content=\"El objeto de este seguro de Baja Laboral es restablecer los ingresos econ\u00f3micos del aut\u00f3nomo tras padecer una alteraci\u00f3n en su estado de salud.\" \/>\n<meta property=\"og:url\" content=\"http:\/\/www.segurosgoiena.com\/eu\/enpresak\/goiena-aseguruak\/autonomoak\/laneko-baja-eta-gaixotasun-asegurua\/\" \/>\n<meta property=\"og:site_name\" content=\"Seguros Goiena\" \/>\n<meta property=\"article:modified_time\" content=\"2017-01-24T08:55:16+00:00\" \/>\n<meta property=\"og:image\" content=\"http:\/\/www.segurosgoiena.com\/wp-content\/uploads\/2016\/11\/shutterstock_252243238.jpg\" \/>\n\t<meta property=\"og:image:width\" content=\"523\" \/>\n\t<meta property=\"og:image:height\" content=\"349\" \/>\n\t<meta property=\"og:image:type\" content=\"image\/jpeg\" \/>\n<meta name=\"twitter:card\" content=\"summary_large_image\" \/>\n<script type=\"application\/ld+json\" class=\"yoast-schema-graph\">{\"@context\":\"https:\/\/schema.org\",\"@graph\":[{\"@type\":\"WebPage\",\"@id\":\"http:\/\/www.segurosgoiena.com\/eu\/enpresak\/goiena-aseguruak\/autonomoak\/laneko-baja-eta-gaixotasun-asegurua\/\",\"url\":\"http:\/\/www.segurosgoiena.com\/eu\/enpresak\/goiena-aseguruak\/autonomoak\/laneko-baja-eta-gaixotasun-asegurua\/\",\"name\":\"Goiena Seguros | Aut\u00f3nomos- Baja Laboral\",\"isPartOf\":{\"@id\":\"http:\/\/www.segurosgoiena.com\/es\/#website\"},\"primaryImageOfPage\":{\"@id\":\"http:\/\/www.segurosgoiena.com\/eu\/enpresak\/goiena-aseguruak\/autonomoak\/laneko-baja-eta-gaixotasun-asegurua\/#primaryimage\"},\"image\":{\"@id\":\"http:\/\/www.segurosgoiena.com\/eu\/enpresak\/goiena-aseguruak\/autonomoak\/laneko-baja-eta-gaixotasun-asegurua\/#primaryimage\"},\"thumbnailUrl\":\"http:\/\/www.segurosgoiena.com\/wp-content\/uploads\/2016\/11\/shutterstock_252243238.jpg\",\"datePublished\":\"2016-11-24T13:45:52+00:00\",\"dateModified\":\"2017-01-24T08:55:16+00:00\",\"description\":\"El objeto de este seguro de Baja Laboral es restablecer los ingresos econ\u00f3micos del aut\u00f3nomo tras padecer una alteraci\u00f3n en su estado de salud.\",\"breadcrumb\":{\"@id\":\"http:\/\/www.segurosgoiena.com\/eu\/enpresak\/goiena-aseguruak\/autonomoak\/laneko-baja-eta-gaixotasun-asegurua\/#breadcrumb\"},\"inLanguage\":\"eu\",\"potentialAction\":[{\"@type\":\"ReadAction\",\"target\":[\"http:\/\/www.segurosgoiena.com\/eu\/enpresak\/goiena-aseguruak\/autonomoak\/laneko-baja-eta-gaixotasun-asegurua\/\"]}]},{\"@type\":\"ImageObject\",\"inLanguage\":\"eu\",\"@id\":\"http:\/\/www.segurosgoiena.com\/eu\/enpresak\/goiena-aseguruak\/autonomoak\/laneko-baja-eta-gaixotasun-asegurua\/#primaryimage\",\"url\":\"http:\/\/www.segurosgoiena.com\/wp-content\/uploads\/2016\/11\/shutterstock_252243238.jpg\",\"contentUrl\":\"http:\/\/www.segurosgoiena.com\/wp-content\/uploads\/2016\/11\/shutterstock_252243238.jpg\",\"width\":523,\"height\":349},{\"@type\":\"BreadcrumbList\",\"@id\":\"http:\/\/www.segurosgoiena.com\/eu\/enpresak\/goiena-aseguruak\/autonomoak\/laneko-baja-eta-gaixotasun-asegurua\/#breadcrumb\",\"itemListElement\":[{\"@type\":\"ListItem\",\"position\":1,\"name\":\"Portada\",\"item\":\"http:\/\/www.segurosgoiena.com\/es\/\"},{\"@type\":\"ListItem\",\"position\":2,\"name\":\"ENPRESAK\",\"item\":\"https:\/\/www.segurosgoiena.com\/eu\/enpresak\/\"},{\"@type\":\"ListItem\",\"position\":3,\"name\":\"GOIENA ASEGURUAK\",\"item\":\"https:\/\/www.segurosgoiena.com\/eu\/enpresak\/goiena-aseguruak\/\"},{\"@type\":\"ListItem\",\"position\":4,\"name\":\"AUTONOMOAK\",\"item\":\"https:\/\/www.segurosgoiena.com\/eu\/enpresak\/goiena-aseguruak\/autonomoak\/\"},{\"@type\":\"ListItem\",\"position\":5,\"name\":\"LANEKO BAJA ETA GAIXOTASUN ASEGURUA\"}]},{\"@type\":\"WebSite\",\"@id\":\"http:\/\/www.segurosgoiena.com\/es\/#website\",\"url\":\"http:\/\/www.segurosgoiena.com\/es\/\",\"name\":\"Seguros Goiena\",\"description\":\"Otro sitio realizado con WordPress\",\"potentialAction\":[{\"@type\":\"SearchAction\",\"target\":{\"@type\":\"EntryPoint\",\"urlTemplate\":\"http:\/\/www.segurosgoiena.com\/es\/?s={search_term_string}\"},\"query-input\":\"required name=search_term_string\"}],\"inLanguage\":\"eu\"}]}<\/script>\n<!-- \/ Yoast SEO plugin. -->","yoast_head_json":{"title":"Goiena Seguros | Aut\u00f3nomos- Baja Laboral","description":"El objeto de este seguro de Baja Laboral es restablecer los ingresos econ\u00f3micos del aut\u00f3nomo tras padecer una alteraci\u00f3n en su estado de salud.","robots":{"index":"index","follow":"follow","max-snippet":"max-snippet:-1","max-image-preview":"max-image-preview:large","max-video-preview":"max-video-preview:-1"},"canonical":"http:\/\/www.segurosgoiena.com\/eu\/enpresak\/goiena-aseguruak\/autonomoak\/laneko-baja-eta-gaixotasun-asegurua\/","og_locale":"en_US","og_type":"article","og_title":"Goiena Seguros | Aut\u00f3nomos- Baja Laboral","og_description":"El objeto de este seguro de Baja Laboral es restablecer los ingresos econ\u00f3micos del aut\u00f3nomo tras padecer una alteraci\u00f3n en su estado de salud.","og_url":"http:\/\/www.segurosgoiena.com\/eu\/enpresak\/goiena-aseguruak\/autonomoak\/laneko-baja-eta-gaixotasun-asegurua\/","og_site_name":"Seguros Goiena","article_modified_time":"2017-01-24T08:55:16+00:00","og_image":[{"width":523,"height":349,"url":"http:\/\/www.segurosgoiena.com\/wp-content\/uploads\/2016\/11\/shutterstock_252243238.jpg","type":"image\/jpeg"}],"twitter_card":"summary_large_image","schema":{"@context":"https:\/\/schema.org","@graph":[{"@type":"WebPage","@id":"http:\/\/www.segurosgoiena.com\/eu\/enpresak\/goiena-aseguruak\/autonomoak\/laneko-baja-eta-gaixotasun-asegurua\/","url":"http:\/\/www.segurosgoiena.com\/eu\/enpresak\/goiena-aseguruak\/autonomoak\/laneko-baja-eta-gaixotasun-asegurua\/","name":"Goiena Seguros | Aut\u00f3nomos- Baja Laboral","isPartOf":{"@id":"http:\/\/www.segurosgoiena.com\/es\/#website"},"primaryImageOfPage":{"@id":"http:\/\/www.segurosgoiena.com\/eu\/enpresak\/goiena-aseguruak\/autonomoak\/laneko-baja-eta-gaixotasun-asegurua\/#primaryimage"},"image":{"@id":"http:\/\/www.segurosgoiena.com\/eu\/enpresak\/goiena-aseguruak\/autonomoak\/laneko-baja-eta-gaixotasun-asegurua\/#primaryimage"},"thumbnailUrl":"http:\/\/www.segurosgoiena.com\/wp-content\/uploads\/2016\/11\/shutterstock_252243238.jpg","datePublished":"2016-11-24T13:45:52+00:00","dateModified":"2017-01-24T08:55:16+00:00","description":"El objeto de este seguro de Baja Laboral es restablecer los ingresos econ\u00f3micos del aut\u00f3nomo tras padecer una alteraci\u00f3n en su estado de salud.","breadcrumb":{"@id":"http:\/\/www.segurosgoiena.com\/eu\/enpresak\/goiena-aseguruak\/autonomoak\/laneko-baja-eta-gaixotasun-asegurua\/#breadcrumb"},"inLanguage":"eu","potentialAction":[{"@type":"ReadAction","target":["http:\/\/www.segurosgoiena.com\/eu\/enpresak\/goiena-aseguruak\/autonomoak\/laneko-baja-eta-gaixotasun-asegurua\/"]}]},{"@type":"ImageObject","inLanguage":"eu","@id":"http:\/\/www.segurosgoiena.com\/eu\/enpresak\/goiena-aseguruak\/autonomoak\/laneko-baja-eta-gaixotasun-asegurua\/#primaryimage","url":"http:\/\/www.segurosgoiena.com\/wp-content\/uploads\/2016\/11\/shutterstock_252243238.jpg","contentUrl":"http:\/\/www.segurosgoiena.com\/wp-content\/uploads\/2016\/11\/shutterstock_252243238.jpg","width":523,"height":349},{"@type":"BreadcrumbList","@id":"http:\/\/www.segurosgoiena.com\/eu\/enpresak\/goiena-aseguruak\/autonomoak\/laneko-baja-eta-gaixotasun-asegurua\/#breadcrumb","itemListElement":[{"@type":"ListItem","position":1,"name":"Portada","item":"http:\/\/www.segurosgoiena.com\/es\/"},{"@type":"ListItem","position":2,"name":"ENPRESAK","item":"https:\/\/www.segurosgoiena.com\/eu\/enpresak\/"},{"@type":"ListItem","position":3,"name":"GOIENA ASEGURUAK","item":"https:\/\/www.segurosgoiena.com\/eu\/enpresak\/goiena-aseguruak\/"},{"@type":"ListItem","position":4,"name":"AUTONOMOAK","item":"https:\/\/www.segurosgoiena.com\/eu\/enpresak\/goiena-aseguruak\/autonomoak\/"},{"@type":"ListItem","position":5,"name":"LANEKO BAJA ETA GAIXOTASUN ASEGURUA"}]},{"@type":"WebSite","@id":"http:\/\/www.segurosgoiena.com\/es\/#website","url":"http:\/\/www.segurosgoiena.com\/es\/","name":"Seguros Goiena","description":"Otro sitio realizado con WordPress","potentialAction":[{"@type":"SearchAction","target":{"@type":"EntryPoint","urlTemplate":"http:\/\/www.segurosgoiena.com\/es\/?s={search_term_string}"},"query-input":"required name=search_term_string"}],"inLanguage":"eu"}]}},"_links":{"self":[{"href":"http:\/\/www.segurosgoiena.com\/eu\/wp-json\/wp\/v2\/pages\/1748","targetHints":{"allow":["GET"]}}],"collection":[{"href":"http:\/\/www.segurosgoiena.com\/eu\/wp-json\/wp\/v2\/pages"}],"about":[{"href":"http:\/\/www.segurosgoiena.com\/eu\/wp-json\/wp\/v2\/types\/page"}],"author":[{"embeddable":true,"href":"http:\/\/www.segurosgoiena.com\/eu\/wp-json\/wp\/v2\/users\/1"}],"replies":[{"embeddable":true,"href":"http:\/\/www.segurosgoiena.com\/eu\/wp-json\/wp\/v2\/comments?post=1748"}],"version-history":[{"count":10,"href":"http:\/\/www.segurosgoiena.com\/eu\/wp-json\/wp\/v2\/pages\/1748\/revisions"}],"predecessor-version":[{"id":1862,"href":"http:\/\/www.segurosgoiena.com\/eu\/wp-json\/wp\/v2\/pages\/1748\/revisions\/1862"}],"up":[{"embeddable":true,"href":"http:\/\/www.segurosgoiena.com\/eu\/wp-json\/wp\/v2\/pages\/2227"}],"wp:featuredmedia":[{"embeddable":true,"href":"http:\/\/www.segurosgoiena.com\/eu\/wp-json\/wp\/v2\/media\/1412"}],"wp:attachment":[{"href":"http:\/\/www.segurosgoiena.com\/eu\/wp-json\/wp\/v2\/media?parent=1748"}],"curies":[{"name":"wp","href":"https:\/\/api.w.org\/{rel}","templated":true}]}}

<!-- This site is optimized with the Yoast SEO plugin v22.5 - https://yoast.com/wordpress/plugins/seo/ -->
<title>Goiena Seguros | Autónomos- Baja Laboral</title>
<meta name="description" content="El objeto de este seguro de Baja Laboral es restablecer los ingresos económicos del autónomo tras padecer una alteración en su estado de salud." />
<meta name="robots" content="index, follow, max-snippet:-1, max-image-preview:large, max-video-preview:-1" />
<link rel="canonical" href="http://www.segurosgoiena.com/eu/enpresak/goiena-aseguruak/autonomoak/laneko-baja-eta-gaixotasun-asegurua/" />
<meta property="og:locale" content="en_US" />
<meta property="og:type" content="article" />
<meta property="og:title" content="Goiena Seguros | Autónomos- Baja Laboral" />
<meta property="og:description" content="El objeto de este seguro de Baja Laboral es restablecer los ingresos económicos del autónomo tras padecer una alteración en su estado de salud." />
<meta property="og:url" content="http://www.segurosgoiena.com/eu/enpresak/goiena-aseguruak/autonomoak/laneko-baja-eta-gaixotasun-asegurua/" />
<meta property="og:site_name" content="Seguros Goiena" />
<meta property="article:modified_time" content="2017-01-24T08:55:16+00:00" />
<meta property="og:image" content="http://www.segurosgoiena.com/wp-content/uploads/2016/11/shutterstock_252243238.jpg" />
	<meta property="og:image:width" content="523" />
	<meta property="og:image:height" content="349" />
	<meta property="og:image:type" content="image/jpeg" />
<meta name="twitter:card" content="summary_large_image" />
<script type="application/ld+json" class="yoast-schema-graph">{"@context":"https://schema.org","@graph":[{"@type":"WebPage","@id":"http://www.segurosgoiena.com/eu/enpresak/goiena-aseguruak/autonomoak/laneko-baja-eta-gaixotasun-asegurua/","url":"http://www.segurosgoiena.com/eu/enpresak/goiena-aseguruak/autonomoak/laneko-baja-eta-gaixotasun-asegurua/","name":"Goiena Seguros | Autónomos- Baja Laboral","isPartOf":{"@id":"http://www.segurosgoiena.com/es/#website"},"primaryImageOfPage":{"@id":"http://www.segurosgoiena.com/eu/enpresak/goiena-aseguruak/autonomoak/laneko-baja-eta-gaixotasun-asegurua/#primaryimage"},"image":{"@id":"http://www.segurosgoiena.com/eu/enpresak/goiena-aseguruak/autonomoak/laneko-baja-eta-gaixotasun-asegurua/#primaryimage"},"thumbnailUrl":"http://www.segurosgoiena.com/wp-content/uploads/2016/11/shutterstock_252243238.jpg","datePublished":"2016-11-24T13:45:52+00:00","dateModified":"2017-01-24T08:55:16+00:00","description":"El objeto de este seguro de Baja Laboral es restablecer los ingresos económicos del autónomo tras padecer una alteración en su estado de salud.","breadcrumb":{"@id":"http://www.segurosgoiena.com/eu/enpresak/goiena-aseguruak/autonomoak/laneko-baja-eta-gaixotasun-asegurua/#breadcrumb"},"inLanguage":"eu","potentialAction":[{"@type":"ReadAction","target":["http://www.segurosgoiena.com/eu/enpresak/goiena-aseguruak/autonomoak/laneko-baja-eta-gaixotasun-asegurua/"]}]},{"@type":"ImageObject","inLanguage":"eu","@id":"http://www.segurosgoiena.com/eu/enpresak/goiena-aseguruak/autonomoak/laneko-baja-eta-gaixotasun-asegurua/#primaryimage","url":"http://www.segurosgoiena.com/wp-content/uploads/2016/11/shutterstock_252243238.jpg","contentUrl":"http://www.segurosgoiena.com/wp-content/uploads/2016/11/shutterstock_252243238.jpg","width":523,"height":349},{"@type":"BreadcrumbList","@id":"http://www.segurosgoiena.com/eu/enpresak/goiena-aseguruak/autonomoak/laneko-baja-eta-gaixotasun-asegurua/#breadcrumb","itemListElement":[{"@type":"ListItem","position":1,"name":"Portada","item":"http://www.segurosgoiena.com/es/"},{"@type":"ListItem","position":2,"name":"ENPRESAK","item":"https://www.segurosgoiena.com/eu/enpresak/"},{"@type":"ListItem","position":3,"name":"GOIENA ASEGURUAK","item":"https://www.segurosgoiena.com/eu/enpresak/goiena-aseguruak/"},{"@type":"ListItem","position":4,"name":"AUTONOMOAK","item":"https://www.segurosgoiena.com/eu/enpresak/goiena-aseguruak/autonomoak/"},{"@type":"ListItem","position":5,"name":"LANEKO BAJA ETA GAIXOTASUN ASEGURUA"}]},{"@type":"WebSite","@id":"http://www.segurosgoiena.com/es/#website","url":"http://www.segurosgoiena.com/es/","name":"Seguros Goiena","description":"Otro sitio realizado con WordPress","potentialAction":[{"@type":"SearchAction","target":{"@type":"EntryPoint","urlTemplate":"http://www.segurosgoiena.com/es/?s={search_term_string}"},"query-input":"required name=search_term_string"}],"inLanguage":"eu"}]}</script>
<!-- / Yoast SEO plugin. -->

Goiena Seguros | Autónomos- Baja Laboral

El objeto de este seguro de Baja Laboral es restablecer los ingresos económicos del autónomo tras padecer una alteración en su estado de salud.
